 number?
False
Is 26258987 composite?
False
Is 113937013 composite?
True
Is 11856217 a prime number?
False
Is 823526294 a composite number?
True
Is 152983 prime?
False
Is 5531 a prime number?
True
Is 11328791 a composite number?
False
Is 577085185 a prime number?
False
Is 171399433 a composite number?
True
Is 20230099 composite?
False
Is 13591523 a prime number?
False
Is 32850973 prime?
False
Is 8751341 a composite number?
False
Is 12815191 composite?
False
Is 223088309 composite?
False
Is 381167 a composite number?
False
Is 181637857 a prime number?
False
Is 2314831 a composite number?
True
Is 1185373 a composite number?
True
Is 9654553 a composite number?
False
Is 2542253 prime?
False
Is 6141391 composite?
True
Is 1669141 a prime number?
True
Is 20177783 a composite number?
True
Is 61896589 a composite number?
True
Is 812711 composite?
False
Is 55870541 a prime number?
True
Is 239282201 a prime number?
True
Is 465945251 prime?
True
Is 627831847 prime?
True
Is 9739669 a composite number?
True
Is 2765036305 a prime number?
False
Is 18143729 a prime number?
True
Is 1758143 prime?
False
Is 449383 a composite number?
True
Is 362851 composite?
False
Is 238385762 a prime number?
False
Is 23887481 a prime number?
True
Is 17513885 a prime number?
False
Is 2759399 a prime number?
False
Is 766497 a composite number?
True
Is 16633223 a composite number?
False
Is 139409011 a prime number?
False
Is 4537211 a prime number?
False
Is 4725029 a prime number?
True
Is 19679123 a prime number?
False
Is 140119235 composite?
True
Is 3522439 a prime number?
True
Is 20843087 a prime number?
True
Is 15746393 a prime number?
False
Is 17819597 composite?
False
Is 4820747 composite?
False
Is 40644595 a prime number?
False
Is 85335571 a prime number?
True
Is 155811319 prime?
True
Is 17350609 a composite number?
False
Is 26821321 a composite number?
False
Is 9429715 prime?
False
Is 53391167 prime?
False
Is 3237779 composite?
True
Is 56190767 prime?
True
Is 33698321 prime?
False
Is 1573279 a composite number?
True
Is 46362959 prime?
False
Is 205821419 a prime number?
False
Is 359659291 prime?
True
Is 5641577 a prime number?
True
Is 34859411 a prime number?
False
Is 2088266 composite?
True
Is 119778367 composite?
True
Is 48120783 prime?
False
Is 119725651 a composite number?
False
Is 190061 prime?
False
Is 528032711 a composite number?
False
Is 6928091 prime?
True
Is 132269141 prime?
True
Is 56329679 prime?
False
Is 255965 a composite number?
True
Is 41419282 a composite number?
True
Is 71257019 a composite number?
True
Is 1004603 a composite number?
True
Is 13938779 composite?
False
Is 10389647 composite?
False
Is 34440121 a prime number?
True
Is 26827103 a prime number?
False
Is 24918779 a prime number?
False
Is 23273893 a composite number?
True
Is 464843 prime?
True
Is 60538999 a prime number?
True
Is 173837 composite?
True
Is 31133821 prime?
False
Is 715791679 a composite number?
True
Is 27239 a prime number?
True
Is 418857 prime?
False
Is 12313409 a composite number?
False
Is 86912674 prime?
False
Is 7724723 a composite number?
False
Is 44700839 composite?
False
Is 54216202 a prime number?
False
Is 32914579 a composite number?
True
Is 9888461 prime?
False
Is 812309 composite?
False
Is 67663357 a composite number?
False
Is 4297091 prime?
True
Is 314593969 composite?
True
Is 211666633 a composite number?
False
Is 34617482 prime?
False
Is 199806901 prime?
False
Is 751421 prime?
False
Is 86028051 a prime number?
False
Is 615183223 a composite number?
True
Is 21012991 a composite number?
False
Is 14543537 a prime number?
True
Is 101419 composite?
False
Is 9209033 prime?
False
Is 11278097 composite?
False
Is 1028927 a composite number?
True
Is 192227377 a composite number?
True
Is 28144213 a composite number?
False
Is 19101199 a prime number?
False
Is 1235753 a composite number?
True
Is 1728149 a prime number?
True
Is 9543745 composite?
True
Is 228020911 prime?
True
Is 77344919 composite?
False
Is 132888715 a prime number?
False
Is 331920299 a prime number?
True
Is 107153299 composite?
True
Is 147057 composite?
True
Is 6887663 a prime number?
True
Is 31604455 composite?
True
Is 586979273 a composite number?
False
Is 4905617 a prime number?
True
Is 261590023 a prime number?
False
Is 983867 a composite number?
True
Is 87287219 a prime number?
True
Is 94950061 a composite number?
False
Is 929476079 a prime number?
False
Is 1904429 prime?
True
Is 5925419 composite?
False
Is 103456091 a prime number?
True
Is 16966769 prime?
False
Is 3185297 a composite number?
True
Is 4056509 a composite number?
False
Is 560147 a prime number?
False
Is 3003307 prime?
True
Is 332997941 a composite number?
True
Is 47837 a prime number?
True
Is 237323 a prime number?
False
Is 226693 prime?
False
Is 9044929 a prime number?
False
Is 20172113 composite?
True
Is 1080073 prime?
True
Is 5441047 a composite number?
False
Is 69674529 a prime number?
False
Is 7068653 composite?
False
Is 64232717 composite?
False
Is 73862713 a prime number?
True
Is 51109 a prime number?
True
Is 104611151 composite?
False
Is 19153921 prime?
True
Is 40493477 prime?
True
Is 233390309 composite?
False
Is 129296905 a prime number?
False
Is 65261351 a composite number?
True
Is 2846969 a prime number?
True
Is 6318831 a prime number?
False
Is 1311614 prime?
False
Is 132014237 composite?
False
Is 98357539 a composite number?
True
Is 584407409 a composite number?
False
Is 1075409 a composite number?
False
Is 22812593 a prime number?
False
Is 38132093 a composite number?
False
Is 1110096367 composite?
False
Is 6376229 a composite number?
True
Is 72679543 a prime number?
True
Is 8026879 a prime number?
False
Is 165292814 a composite number?
True
Is 29605659 prime?
False
Is 4299179 prime?
True
Is 1114541 prime?
True
Is 1833227 a prime number?
False
Is 55558391 composite?
True
Is 75673889 a composite number?
False
Is 20395 prime?
False
Is 6337381 a composite number?
False
Is 7070291 a composite number?
False
Is 1654759 a prime number?
False
Is 5728003 a composite number?
True
Is 3073627 a composite number?
True
Is 379965526 a composite number?
True
Is 5434994 a prime number?
False
Is 859423 prime?
True
Is 186231211 a prime number?
True
Is 7777345 composite?
True
Is 31404119 a composite number?
False
Is 8595539 a prime number?
True
Is 7831 a prime number?
False
Is 4533589 a prime number?
False
Is 205936829 prime?
False
Is 14636231 a composite number?
False
Is 41560066 a prime number?
False
Is 281434 a prime number?
False
Is 2145001 a prime number?
False
Is 13209631 a composite number?
True
Is 10260917 a composite number?
False
Is 54010753 prime?
True
Is 5270159 a composite number?
True
Is 111551507 composite?
False
Is 296841914 prime?
False
Is 26778331 a composite number?
True
Is 66073841 composite?
True
Is 94501373 a prime number?
True
Is 566335789 prime?
True
Is 65962843 composite?
False
Is 1306703 a composite number?
True
Is 74930731 a composite number?
False
Is 1406267 composite?
False
Is 1984639 a prime number?
True
Is 69056641 composite?
False
Is 11533583 prime?
True
Is 40421761 prime?
True
Is 3212041 composite?
True
Is 568603327 a prime number?
True
Is 102188573 composite?
False
Is 283370179 a composite number?
False
Is 61759354 a prime number?
False
Is 5019481 a composite number?
False
Is 6803093 composite?
True
Is 81657821 composite?
True
Is 21735577 composite?
False
Is 9600679 a prime number?
False
Is 15708929 prime?
False
Is 1940339 prime?
True
Is 19599339 a composite number?
True
Is 254587 a composite number?
True
Is 3786989 a composite number?
False
Is 44430863 a prime number?
True
Is 1097149 a prime number?
False
Is 209540229 prime?
False
Is 9174551 a composite number?
True
Is 10716353 a composite number?
False
Is 301472807 a prime number?
False
Is 3450079 composite?
False
Is 1651657 a composite number?
True
Is 61684417 a prime number?
True
Is 148590613 a composite number?
False
Is 83779909 a prime number?
False
Is 151105937 a composite number?
True
Is 52572329 prime?
True
Is 1065263 a composite number?
False
Is 19986077 a prime number?
True
Is 8084067 composite?
True
Is 695143 composite?
True
Is 129986589 a composite number?
True
Is 21058729 composite?
False
Is 573500041 composite?
False
Is 4452719 a composite number?
Fa